1
Suppose -4*u + 2092 = 3*h, -925 - 1861 = -4*h - 2*u. Suppose 3*d - 164 = -5*y + 693, 4*y - h = -5*d. What is the greatest common divisor of 13 and y?
13
Let h = -27 + 42. Let z be (4/(-5))/((-6)/h). Suppose 0 = z*j + 28 - 74. What is the highest common factor of j and 69?
23
Suppose -v + 24 = -82. What is the greatest common divisor of 2 and v?
2
Let y be ((-6)/(-9))/(2/6). Suppose 0 = z + y*z - 6. Suppose -w + 5 = -3*g - z, 3 = -5*w - 4*g. What is the highest common factor of w and 4?
1
Let f(n) = -n**3 - 18*n**2 - n - 16. Let d be f(-18). Suppose 4*y + y - 4*l - 25 = 0, -3*l = -y + 5. What is the highest common factor of y and d?
1
Suppose -2*j = -3*j + 6. Let o(l) = l**3 + 2*l**2 - l - 2. Let v be o(3). Suppose 3*w + v = 130. What is the greatest common divisor of w and j?
6
Let c = 7 + -1. Let n be (-9)/c - (-155)/10. What is the greatest common divisor of 28 and n?
14
Let z(a) = 102*a**3 - a**2 + 3*a - 2. Let f be z(1). Suppose -v - v = -f. What is the highest common factor of 34 and v?
17
Suppose 0 = -y + 5*b - 1, 3*b = -5*y + 6*b + 105. What is the greatest common divisor of 8 and y?
8
Let t(k) = k**3 - 16*k**2 + 29*k - 4. Let d be t(14). What is the highest common divisor of d and 190?
10
Let v(u) be the second derivative of u**5/20 + 11*u**4/12 + 5*u**3/6 + u**2/2 - 14*u. Let h be v(-4). Calculate the highest common factor of h and 31.
31
Suppose -4*q = -2*x - 14, q - 49 = -44. Calculate the highest common factor of x and 294.
3
Let q(l) = 7*l - 9. Let f be q(10). Let j = 204 - f. Calculate the highest common factor of j and 13.
13
Suppose 0 = 2*r - 4 - 2. Suppose -6 + 12 = r*m. What is the greatest common divisor of 18 and m?
2
Let z = 890 + -730. Calculate the greatest common divisor of 60 and z.
20
Suppose 3*l + 1 = 3*d + 25, 19 = 3*l + 2*d. Let k = -73 + -53. Let p = k + 189. Calculate the greatest common factor of p and l.
7
Let o(y) = -y**3 + 8*y**2 - 8*y + 7. Let n be o(7). Suppose -3*q + 2*c + 18 + 6 = n, 4*q - 32 = -5*c. What is the greatest common divisor of q and 12?
4
Let c be (0 - 2)/((-3)/6). Suppose -2*i = -24 + c. Suppose -8*z = -4083 + 3523. What is the highest common factor of i and z?
10
Let x be 280/15*6*(-7)/(-4). Suppose 0 = 4*f - x - 504. What is the greatest common divisor of 25 and f?
25
Let g be (8/(-14))/((-14220)/1015 - -14). What is the highest common factor of 1102 and g?
58
Let h(l) = -l**3 + 10*l**2 + 13*l - 17. Let g be h(11). Suppose g*k = 4*i - 8*i + 89, -3*i = -4*k - 59. What is the greatest common divisor of i and 105?
21
Let d(c) = 3*c**2 - 2*c. Let z be d(3). Let m be (-7 - (-10 + 7)/((-6)/(-388))) + 2. What is the greatest common factor of m and z?
21
Let s = 23 - 11. Suppose s*i - 4*i - 192 = 0. Calculate the highest common factor of i and 8.
8
Let u(t) = 59*t - 104. Let w be u(4). Calculate the highest common factor of 9 and w.
3
Let x = -572 - -250. Let o = x - -472. What is the highest common divisor of o and 60?
30
Suppose -2*b = b. Let x(r) = r**2 + 12. Let l be x(b). Let c = 615 - 483. What is the greatest common factor of c and l?
12
Suppose 4*z - 8 = -5*o + 35, -5*z + 2*o + 95 = 0. Suppose 525 = z*a - 12*a. Calculate the greatest common divisor of a and 42.
21
Suppose -7*s + 3*s = 60. Let g = 16 + s. What is the greatest common divisor of g and 2?
1
Let t be 20/6*42/35. Let y = 11 - 18. Let u(s) = -s**3 - 8*s**2 - 6*s + 9. Let h be u(y). What is the highest common divisor of h and t?
2
Let j = -56 - -81. Let m = j - 24. Calculate the highest common factor of 3 and m.
1
Let d = 339 - 89. Calculate the highest common factor of d and 50.
50
Let w = -257 + 378. Let c = -1012 + 1023. What is the highest common divisor of c and w?
11
Let b(n) = n**3 - 7*n**2 - 2*n + 8. Let j be b(7). Let d = -1 - j. Suppose -d*y - 6 = -2*y, 2*g - 94 = -3*y. What is the greatest common factor of 10 and g?
10
Let t = 14 - -23. Suppose 3*h - 44 = t. What is the greatest common divisor of 135 and h?
27
Suppose 4*z = 1135 + 185. Suppose 2*p - 45 = -o - 2*o, -3*p + 105 = -3*o. What is the greatest common divisor of z and p?
30
Let d be (6/(-4))/3 + 45/(-10). Let x be (-21)/(-4) + d/(40/(-6)). Calculate the greatest common divisor of 24 and x.
6
Let z be (1/(-2 - -5))/((-5)/(-975)). Calculate the greatest common factor of z and 26.
13
Let w = 3 + 12. Suppose -17*a + 88 = -13*a. Let p be 60/4*(a/6 - 3). What is the greatest common factor of p and w?
5
Suppose o - 5 = -0*o. Suppose o*w = 4*i + 129, -i + 41 = w + 2*i. Suppose -w - 1 = -5*b. Calculate the highest common factor of b and 15.
3
Suppose -17 = -5*k - 2*q, 2*k - 2*q - 1 - 3 = 0. Suppose -k*m = -37 + 13. Let h = 26790 - 26782. Calculate the greatest common divisor of m and h.
8
Suppose -40*x + 210 = -37*x. Let m(f) = -5*f + 3. Let j be m(6). Let w = -13 - j. Calculate the greatest common factor of x and w.
14
Let j be (-8)/(-6) - (65989/33)/(-7). What is the highest common factor of 205 and j?
41
Let l(j) = -2*j**3 - 2*j + 2. Let y be l(0). What is the highest common divisor of y and 72?
2
Let h be (4 - -7)*2/1. Suppose -4*z - 4*k + k = -23, 5*k + 55 = 5*z. Suppose h = 2*d - z. What is the greatest common factor of 15 and d?
15
Let g(f) = 74*f. Let q be g(4). Suppose -q = -3*r - 23. Let w be 4/14 - (-520)/r. Calculate the highest common factor of 3 and w.
3
Let f(r) = -3*r - 4. Let x be f(-2). Suppose 5*m = -2*n + 50, -3*m - 7 = 3*n - 37. Suppose 0 = -2*p + 7*p - m. Calculate the greatest common divisor of x and p.
2
Let a be 16 + -18 + 1 + 28. Calculate the highest common factor of a and 189.
27
Let s(d) = d**3 + 21*d**2 - 27*d - 55. Let l be s(-22). What is the greatest common divisor of 22 and l?
11
Let f = -1716 - -1815. Calculate the highest common divisor of f and 176.
11
Suppose 0 = -234*l + 241*l - 420. Calculate the greatest common divisor of l and 270.
30
Let q be (-27)/(1*-8 + (-13882)/(-1738)). What is the greatest common divisor of q and 54?
27
Suppose r = -3*h + 1530, 14*h - 3*r = 18*h - 2040. What is the greatest common factor of 15 and h?
15
Let u = -55 + 34. Let v = 25 + -41. Let k = v - u. Calculate the highest common divisor of 5 and k.
5
Suppose 0*f = 3*f - 126. Suppose k + 37 = 2*x, -20*x + 23*x = 5*k + 38. What is the greatest common factor of f and x?
21
Suppose 0 = 5*s - 27 + 7. Suppose -a - 3*a = 4*x - 152, s*a = x - 48. What is the highest common divisor of x and 20?
20
Let q = -27 + 39. Suppose 160 + 368 = q*o. Calculate the highest common factor of 11 and o.
11
Let q(j) = 303*j**2 + 1. Let s be q(-1). Let l = s + -214. Suppose -o + 2*o = l. What is the highest common factor of 10 and o?
10
Let p be (25 + 0)*294/245. Calculate the greatest common factor of p and 390.
30
Let z(d) = 4 + 3 - 11 - 3 + 6*d. Let m be z(5). What is the greatest common divisor of m and 161?
23
Let l be (-2 - 3)*(-21)/(-3). Let n = l - -35. Suppose -2*c + 60 = c + 3*k, n = -2*k. What is the highest common factor of 220 and c?
20
Let f(z) = z**2 + 17*z + 22. Let l be f(-9). Let j = l - -98. Calculate the highest common divisor of j and 12.
12
Let h(g) = g + 20. Let b be h(-5). What is the greatest common factor of b and 405?
15
Suppose -6*x = 7 + 11. Let k(g) = -9*g**3 - g**2 - 3*g + 2. Let u be k(x). Calculate the greatest common divisor of u and 35.
35
Let z(s) = 8*s + 160. Let d be z(-19). What is the highest common divisor of 56 and d?
8
Let j = 759 + -720. What is the highest common factor of 195 and j?
39
Let s = -113 + 181. Suppose 5*z + 42 - 7 = 5*p, -s = -4*p - 4*z. Suppose -u + 4*l = -47 + 15, -73 = -2*u - l. Calculate the highest common factor of p and u.
12
Let k(x) = 3 + 0*x**3 + 2*x - 4*x**2 + 4*x**3 - 5*x**3 + 2*x. Let h be k(-6). What is the greatest common divisor of 34 and h?
17
Suppose 0*u + u - 3*b - 6 = 0, 42 = 3*u - 3*b. Suppose -23*m = -2*m - 1512. What is the greatest common divisor of u and m?
18
Let v be (-10)/(-45) + (-34)/(-9). What is the greatest common factor of v and 2?
2
Suppose 3*c - 135 = 5*u, 2*c = 6*c - 5*u - 185. Calculate the greatest common factor of c and 550.
50
Suppose -15*m = -19 - 26. Let d be m*(3 + -129)/(-3). Calculate the highest common factor of 14 and d.
14
Suppose 0 = 18*m - 16*m - 34. Let b = -5 + m. What is the greatest common divisor of 12 and b?
12
Let l = -357 - -501. Calculate the greatest common